{"id":27,"date":"2016-05-31T16:23:16","date_gmt":"2016-05-31T15:23:16","guid":{"rendered":"http:\/\/ijodir.com\/?page_id=27"},"modified":"2024-07-26T23:10:30","modified_gmt":"2024-07-26T22:10:30","slug":"comite-scientifique","status":"publish","type":"page","link":"https:\/\/ijodir.com\/index.php\/comite-scientifique\/","title":{"rendered":"Comit\u00e9 scientifique"},"content":{"rendered":"<p><strong>Editors-in-Chief: <\/strong><\/p>\n<ul>\n<li>Pr. Am\u00e9ziane Aoussat ENSAM LCPI,<\/li>\n<li>Pr. Robert Duchamp ENSAM LCPI,<\/li>\n<li>Dr. Anne-Marie Pens\u00e9-Lh\u00e9ritier\u00a0FRMGalesens<\/li>\n<\/ul>\n<p><strong>Associate Editor:<\/strong><\/p>\n<ul>\n<li>Dr. Rabah Azouani EBI,<\/li>\n<li>Dr. Denis Huet<\/li>\n<\/ul>\n<p><strong>Assistant: <\/strong><\/p>\n<ul>\n<li>Dr. Camille Jean ENSAM LCPI<\/li>\n<\/ul>\n","protected":false},"excerpt":{"rendered":"<p>Editors-in-Chief: Pr. Am\u00e9ziane Aoussat ENSAM LCPI, Pr. Robert Duchamp ENSAM LCPI, Dr. Anne-Marie Pens\u00e9-Lh\u00e9ritier\u00a0FRMGalesens Associate Editor: Dr. Rabah Azouani EBI, Dr. Denis Huet Assistant: Dr. Camille Jean ENSAM LCPI<\/p>\n","protected":false},"author":1,"featured_media":0,"parent":0,"menu_order":0,"comment_status":"closed","ping_status":"closed","template":"","meta":[],"_links":{"self":[{"href":"https:\/\/ijodir.com\/index.php\/wp-json\/wp\/v2\/pages\/27"}],"collection":[{"href":"https:\/\/ijodir.com\/index.php\/wp-json\/wp\/v2\/pages"}],"about":[{"href":"https:\/\/ijodir.com\/index.php\/wp-json\/wp\/v2\/types\/page"}],"author":[{"embeddable":true,"href":"https:\/\/ijodir.com\/index.php\/wp-json\/wp\/v2\/users\/1"}],"replies":[{"embeddable":true,"href":"https:\/\/ijodir.com\/index.php\/wp-json\/wp\/v2\/comments?post=27"}],"version-history":[{"count":5,"href":"https:\/\/ijodir.com\/index.php\/wp-json\/wp\/v2\/pages\/27\/revisions"}],"predecessor-version":[{"id":147,"href":"https:\/\/ijodir.com\/index.php\/wp-json\/wp\/v2\/pages\/27\/revisions\/147"}],"wp:attachment":[{"href":"https:\/\/ijodir.com\/index.php\/wp-json\/wp\/v2\/media?parent=27"}],"curies":[{"name":"wp","href":"https:\/\/api.w.org\/{rel}","templated":true}]}}