{"id":235,"date":"2024-07-26T09:56:30","date_gmt":"2024-07-26T08:56:30","guid":{"rendered":"http:\/\/ijodir.com\/?page_id=235"},"modified":"2024-07-26T17:25:57","modified_gmt":"2024-07-26T16:25:57","slug":"v7_22019_2","status":"publish","type":"page","link":"https:\/\/ijodir.com\/index.php\/la-revue\/volume-7-n22019\/v7_22019_2\/","title":{"rendered":"V7_2\/2019_2"},"content":{"rendered":"<p><strong>Text input tools\u2019 complementarity in immersive virtual environments<\/strong><\/p>\n<p>Aur\u00e9lien Agn\u00e8s<sup>1<\/sup>, Sylvain Fleury<sup>1<\/sup>, Aristide Auzerais<sup>1<\/sup>, Isaline Bisson<sup>1<\/sup>, Eva Dulau<sup>1<\/sup>, St\u00e9phanie Buisine<sup>2<\/sup>, Simon Richir<sup>1<\/sup><\/p>\n<p><strong>1 Institut Laval Arts et M\u00e9tiers<br \/>\n<\/strong><em>Laval Virtual Center, rue Marie Curie<br \/>\n<\/em><em>53810 Chang\u00e9 <\/em><\/p>\n<p><a href=\"mailto:aurelien.agnes@ensam.eu\"><em>aurelien.agnes@ensam.eu<\/em><\/a><em><br \/>\n<\/em><a href=\"mailto:sylvain.fleury@ensam.eu\"><em>sylvain.fleury@ensam.eu<\/em><\/a><em><br \/>\n<\/em><a href=\"mailto:simon.richir@ensam.eu\"><em>simon.richir@ensam.eu<\/em><\/a><\/p>\n<p><em>\u00a0<\/em><\/p>\n<p><strong>2 CESI LINEACT<br \/>\n<\/strong><em>93 boulevard de la Seine<br \/>\n<\/em><em>92000 Nanterre <\/em><\/p>\n<p><a href=\"mailto:sbuisine@cesi.fr\"><em>sbuisine@cesi.fr<\/em><\/a><em> \u00a0<\/em><\/p>\n<p><strong>ABSTRACT. <\/strong><em>This study presents a user test in order to ascertain the advantages and disadvantages of three different text input methods in immersive virtual environment: individual Speech-to-Text, collective Speech-to-Text and a virtual keyboard named Drum-Like Keyboard. We measured participants\u2019 user experience, especially related to usability and utility, in order to offer relevant recommendations to people seeking to integrate text input in virtual reality. Our results show that Speech-to-Text and the virtual keyboard have complementary qualities, which can be used together for optimal results and experience.<\/em><\/p>\n<p><strong><em>KEYWORDS<\/em><\/strong><em>: virtual reality, text input, innovation, Drum-Like Keyboard, Speech-to-Text <\/em>2 IJODIR. Volume X \u2013 n\u00b0 X\/2010<\/p>\n","protected":false},"excerpt":{"rendered":"<p>Text input tools\u2019 complementarity in immersive virtual environments Aur\u00e9lien Agn\u00e8s1, Sylvain Fleury1, Aristide Auzerais1, Isaline Bisson1, Eva Dulau1, St\u00e9phanie Buisine2, Simon Richir1 1 Institut Laval Arts et M\u00e9tiers Laval Virtual Center, rue Marie Curie 53810 Chang\u00e9 aurelien.agnes@ensam.eu sylvain.fleury@ensam.eu simon.richir@ensam.eu \u00a0 2 CESI LINEACT 93 boulevard de la Seine 92000 Nanterre sbuisine@cesi.fr \u00a0 ABSTRACT. This study &#8230; <a class=\"read-more\" href=\"https:\/\/ijodir.com\/index.php\/la-revue\/volume-7-n22019\/v7_22019_2\/\">Lire la suite<\/a><\/p>\n","protected":false},"author":1,"featured_media":0,"parent":225,"menu_order":0,"comment_status":"closed","ping_status":"closed","template":"","meta":[],"_links":{"self":[{"href":"https:\/\/ijodir.com\/index.php\/wp-json\/wp\/v2\/pages\/235"}],"collection":[{"href":"https:\/\/ijodir.com\/index.php\/wp-json\/wp\/v2\/pages"}],"about":[{"href":"https:\/\/ijodir.com\/index.php\/wp-json\/wp\/v2\/types\/page"}],"author":[{"embeddable":true,"href":"https:\/\/ijodir.com\/index.php\/wp-json\/wp\/v2\/users\/1"}],"replies":[{"embeddable":true,"href":"https:\/\/ijodir.com\/index.php\/wp-json\/wp\/v2\/comments?post=235"}],"version-history":[{"count":3,"href":"https:\/\/ijodir.com\/index.php\/wp-json\/wp\/v2\/pages\/235\/revisions"}],"predecessor-version":[{"id":248,"href":"https:\/\/ijodir.com\/index.php\/wp-json\/wp\/v2\/pages\/235\/revisions\/248"}],"up":[{"embeddable":true,"href":"https:\/\/ijodir.com\/index.php\/wp-json\/wp\/v2\/pages\/225"}],"wp:attachment":[{"href":"https:\/\/ijodir.com\/index.php\/wp-json\/wp\/v2\/media?parent=235"}],"curies":[{"name":"wp","href":"https:\/\/api.w.org\/{rel}","templated":true}]}}