{"id":227,"date":"2024-07-26T09:51:06","date_gmt":"2024-07-26T08:51:06","guid":{"rendered":"http:\/\/ijodir.com\/?page_id=227"},"modified":"2024-07-26T09:56:08","modified_gmt":"2024-07-26T08:56:08","slug":"v7_22019_1","status":"publish","type":"page","link":"https:\/\/ijodir.com\/index.php\/la-revue\/volume-7-n22019\/v7_22019_1\/","title":{"rendered":"V7_2\/2019_1"},"content":{"rendered":"<p><strong>A design method to integrate stimuli-responsive materials<\/strong><\/p>\n<p>Marie Darrouzet<sup>1<\/sup>, Am\u00e9ziane Aoussat<sup>2<\/sup><\/p>\n<p><sup>1 <\/sup>LCPI, Arts et M\u00e9tiers ParisTech<\/p>\n<p>151 Boulevard de l\u2019h\u00f4pital<\/p>\n<p>75013 Paris<\/p>\n<p><a href=\"mailto:marie.darrouzet@\">marie.darrouzet@<\/a>gmail.com<\/p>\n<p><sup>2 <\/sup>LCPI, Arts et M\u00e9tiers ParisTech<\/p>\n<p>151 Boulevard de l\u2019h\u00f4pital<\/p>\n<p>75013 Paris<\/p>\n<p><a href=\"mailto:ameziane.aoussat@\">ameziane.aoussat@<\/a>ensam.eu<\/p>\n<p>&nbsp;<\/p>\n<p>ABSTRACT. Stimuli responsive materials are \u201csmart\u201d materials which can change their shape or their mechanical properties upon environmental variations. Still at the research stage, these new materials offer functionalities that promise to revolutionize uses: energy-free actuators, sensors, self-adaptive products\u2026 This paper aims to propose a collaborative design method, user-centred, to integrate this innovation into new products. The concepts thus created will satisfy the needs of users while optimizing the functionalities of these new materials.<\/p>\n<p>KEYWORDS: Breakthrough innovation, Collaborative conception, User-centric conception, KCP Method, Design Thinking, Stimuli-responsive Materials, smart materials.<\/p>\n<p>MOTS-CL\u00c9S : Innovation de rupture, conception collaborative, conception centr\u00e9e utilisateurs, m\u00e9thode KCP, Design Thinking, mat\u00e9riaux intelligents.<\/p>\n","protected":false},"excerpt":{"rendered":"<p>A design method to integrate stimuli-responsive materials Marie Darrouzet1, Am\u00e9ziane Aoussat2 1 LCPI, Arts et M\u00e9tiers ParisTech 151 Boulevard de l\u2019h\u00f4pital 75013 Paris marie.darrouzet@gmail.com 2 LCPI, Arts et M\u00e9tiers ParisTech 151 Boulevard de l\u2019h\u00f4pital 75013 Paris ameziane.aoussat@ensam.eu &nbsp; ABSTRACT. Stimuli responsive materials are \u201csmart\u201d materials which can change their shape or their mechanical properties upon &#8230; <a class=\"read-more\" href=\"https:\/\/ijodir.com\/index.php\/la-revue\/volume-7-n22019\/v7_22019_1\/\">Lire la suite<\/a><\/p>\n","protected":false},"author":1,"featured_media":0,"parent":225,"menu_order":0,"comment_status":"closed","ping_status":"closed","template":"","meta":[],"_links":{"self":[{"href":"https:\/\/ijodir.com\/index.php\/wp-json\/wp\/v2\/pages\/227"}],"collection":[{"href":"https:\/\/ijodir.com\/index.php\/wp-json\/wp\/v2\/pages"}],"about":[{"href":"https:\/\/ijodir.com\/index.php\/wp-json\/wp\/v2\/types\/page"}],"author":[{"embeddable":true,"href":"https:\/\/ijodir.com\/index.php\/wp-json\/wp\/v2\/users\/1"}],"replies":[{"embeddable":true,"href":"https:\/\/ijodir.com\/index.php\/wp-json\/wp\/v2\/comments?post=227"}],"version-history":[{"count":4,"href":"https:\/\/ijodir.com\/index.php\/wp-json\/wp\/v2\/pages\/227\/revisions"}],"predecessor-version":[{"id":234,"href":"https:\/\/ijodir.com\/index.php\/wp-json\/wp\/v2\/pages\/227\/revisions\/234"}],"up":[{"embeddable":true,"href":"https:\/\/ijodir.com\/index.php\/wp-json\/wp\/v2\/pages\/225"}],"wp:attachment":[{"href":"https:\/\/ijodir.com\/index.php\/wp-json\/wp\/v2\/media?parent=227"}],"curies":[{"name":"wp","href":"https:\/\/api.w.org\/{rel}","templated":true}]}}